rt 71 (base 9) to base 12.
54
Convert 2d (base 16) to base 14.
33
-145 (base 10) to base 4
-2101
Convert 11 (base 8) to base 4.
21
14 (base 9) to base 14
d
What is 6d (base 14) in base 6?
241
Convert -1 (base 11) to base 15.
-1
What is 5 (base 11) in base 15?
5
-a (base 16) to base 7
-13
-11 (base 6) to base 16
-7
-237 (base 9) to base 14
-100
-6 (base 15) to base 2
-110
What is 111 (base 6) in base 2?
101011
What is 41 (base 6) in base 12?
21
What is 23 (base 15) in base 10?
33
-1 (base 8) to base 5
-1
What is 0 (base 5) in base 15?
0
Convert -2 (base 11) to base 16.
-2
12 (base 8) to base 10
10
1010 (base 3) to base 2
11110
-11 (base 11) to base 8
-14
What is 3 (base 4) in base 6?
3
Convert 4 (base 16) to base 14.
4
What is 37 (base 12) in base 15?
2d
Convert -431 (base 6) to base 7.
-322
What is -149 (base 16) in base 14?
-197
What is 100 (base 2) in base 4?
10
-142 (base 10) to base 8
-216
Convert 4 (base 7) to base 3.
11
Convert -3 (base 14) to base 2.
-11
What is 220 (base 4) in base 10?
40
2 (base 14) to base 9
2
Convert -24 (base 6) to base 3.
-121
Convert -9 (base 11) to base 5.
-14
Convert -1 (base 6) to base 2.
-1
20 (base 6) to base 7
15
9 (base 16) to base 3
100
Convert -314 (base 5) to base 12.
-70
Convert -2203 (base 5) to base 15.
-153
What is 21 (base 6) in base 8?
15
-4 (base 10) to base 9
-4
Convert -7b (base 13) to base 7.
-204
What is 21 (base 7) in base 2?
1111
12 (base 4) to base 13
6
What is -5 (base 15) in base 10?
-5
Convert 4 (base 9) to base 12.
4
-8 (base 11) to base 8
-10
Convert -9 (base 16) to base 9.
-10
-9 (base 12) to base 3
-100
102 (base 7) to base 4
303
What is -103 (base 4) in base 16?
-13
What is 0 (base 16) in base 5?
0
-74 (base 11) to base 4
-1101
Convert -32 (base 6) to base 11.
-19
What is -48 (base 12) in base 7?
-110
Convert -6 (base 11) to base 12.
-6
Convert -2 (base 6) to base 9.
-2
Convert -24 (base 5) to base 12.
-12
What is a (base 12) in base 10?
10
3 (base 15) to base 6
3
What is 33 (base 12) in base 14?
2b
What is 0 (base 14) in base 11?
0
4 (base 14) to base 4
10
What is -1 (base 9) in base 5?
-1
Convert 1 (base 7) to base 8.
1
What is -1 (base 5) in base 15?
-1
Convert -1 (base 9) to base 5.
-1
Convert -4 (base 8) to base 10.
-4
Convert -3 (base 13) to base 6.
-3
Convert -1 (base 4) to base 13.
-1
Convert 2 (base 4) to base 8.
2
What is c (base 14) in base 7?
15
3 (base 15) to base 6
3
-9 (base 15) to base 11
-9
Convert 203 (base 4) to base 10.
35
Convert 103 (base 9) to base 14.
60
Convert -22 (base 7) to base 4.
-100
Convert -3 (base 13) to base 10.
-3
-128 (base 11) to base 10
-151
What is -212 (base 8) in base 14?
-9c
Convert 61 (base 7) to base 10.
43
Convert 2 (base 11) to base 3.
2
Convert 2 (base 11) to base 3.
2
What is 102 (base 4) in base 15?
13
What is -2 (base 3) in base 13?
-2
What is 11 (base 5) in base 9?
6
-36 (base 10) to base 12
-30
What is 105 (base 9) in base 10?
86
What is -12 (base 4) in base 13?
-6
-12 (base 13) to base 12
-13
-25 (base 10) to base 7
-34
What is -f6 (base 16) in base 3?
-100010
Convert 14 (base 9) to base 14.
d
-70 (base 9) to base 14
-47
125 (base 16) to base 3
101212
Convert -1121 (base 5) to base 12.
-115
0 (base 5) to base 6
0
252 (base 7) to base 3
12000
What is 0 (base 3) in base 13?
0
2 (base 5) to base 9
2
21 (base 7) to base 2
1111
Convert 7 (base 8) to base 2.
111
What is 9 (base 13) in base 7?
12
12021 (base 3) to base 15
97
-5 (base 13) to base 10
-5
What is -89 (base 13) in base 2?
-1110001
Convert -101 (base 2) to base 3.
-12
What is -2 (base 8) in base 14?
-2
Convert -22 (base 7) to base 4.
-100
What is 29 (base 16) in base 10?
41
Convert -53 (base 6) to base 15.
-23
Convert -2 (base 15) to base 2.
-10
What is -3 (base 15) in base 16?
-3
Convert 21 (base 10) to base 9.
23
What is -11 (base 4) in base 7?
-5
What is -34 (base 5) in base 12?
-17
-28 (base 12) to base 16
-20
What is 3 (base 12) in base 10?
3
What is 120 (base 12) in base 9?
206
What is 201 (base 3) in base 10?
19
8 (base 13) to base 3
22
Convert 0 (base 16) to base 9.
0
1a (base 14) to base 13
1b
10 (base 2) to base 4
2
13 (base 16) to base 15
14
1d (base 14) to base 10
27
What is 0 (base 4) in base 15?
0
-6 (base 9) to base 10
-6
Convert -110 (base 2) to base 3.
-20
What is -27 (base 15) in base 3?
-1101
What is 24 (base 10) in base 16?
18
What is 310 (base 4) in base 7?
103
Convert 100 (base 2) to base 6.
4
What is -122 (base 7) in base 13?
-50
Convert 100100 (base 2) to base 7.
51
What is 21 (base 6) in base 13?
10
What is -1102 (base 3) in base 12?
-32
Convert 3 (base 13) to base 4.
3
Convert 0 (base 15) to base 14.
0
-78 (base 14) to base 6
-254
What is 14 (base 11) in base 13?
12
What is a5 (base 12) in base 2?
1111101
-1 (base 8) to base 5
-1
Convert 10010 (base 3) to base 4.
1110
What is -aa (base 11) in base 13?
-93
-2 (base 11) to base 12
-2
What is -3d (base 15) in base 12?
-4a
-4 (base 10) to base 14
-4
-13 (base 7) to base 12
-a
-71 (base 16) to base 10
-113
Convert -20 (base 9) to base 6.
-30
What is -3 (base 10) in base 15?
-3
What is 6 (base 12) in base 14?
6
What is 187 (base 10) in base 11?
160
What is 0 (base 6) in base 10?
0
-12 (base 6) to base 12
-8
12 (base 12) to base 9
15
What is 12 (base 4) in base 13?
6
What is -1 (base 16) in base 15?
-1
a (base 13) to base 10
10
Convert -3 (base 10) to base 7.
-3
-5 (base 13) to base 9
-5
31 (base 4) to base 14
d
Convert -130 (base 11) to base 15.
-a4
0 (base 4) to base 10
0
Convert -2 (base 11) to base 8.
-2
Convert 20001 (base 3) to base 2.
10100011
What is 2002 (base 5) in base 14?
140
What is 4 (base 11) in base 14?
4
Convert -c (base 13) to base 15.
-c
-2 (base 11) to base 8
-2
Convert 23 (base 10) to base 9.
25
What is 4 (base 8) in base 11?
4
Convert 11 (base 2) to base 16.
3
What is -2111 (base 3) in base 11?
-61
What is -1 (base 7) in base 15?
-1
-3 (base 14) to base 11
-3
What is -c8 (base 13) in base 8?
-244
What is 2 (base 11) in base 6?
2
10 (base 11) to base 10
11
40 (base 5) to base 4
110
42 (base 12) to base 14
38
What is 1201 (base 5) in base 9?
215
What is 1 (base 5) in base 13?
1
Convert -76 (base 14) to base 8.
-150
Convert -62 (base 9) to base 4.
-320
-62 (base 11) to base 13
-53
-24 (base 12) to base 14
-20
Convert -21 (base 9) to base 8.
-23
-2 (base 7) to base 15
-2
What is 2 (base 15) in base 10?
2
-13c (base 13) to base 3
-22011
34 (base 6) to base 16
16
Convert 3 (base 11) to base 16.
3
What is -8a (base 16) in base 6?
-350
Convert -145 (base 10) to base 11.
-122
Convert 36 (base 12) to base 10.
42
Convert 42 (base 8) to base 13.
28
Convert -43 (base 10) to base 4.
-223
Convert 3 (base 15) to base 11.
3
-3 (base 7) to base 5
-3
What is e0 (base 15) in base 4?
3102
10 (base 2) to base 6
2
Convert 2 (base 10) to base 14.
2
Convert -c (base 14) to base 5.
-22
What is -11 (base 7) in base 8?
-10
Convert 58 (base 10) to base 7.
112
Convert -10 (base 5) to base 4.
-11
Convert -2 (base 8) to base 7.
-2
What is -11111100 (base 2) in base 11?
-20a
What is 1e (base 15) in base 9?
32
What is 11 (base 8) in base 10?
9
Convert 10 (base 14) to base 12.
12
Convert -4 (base 13) to base 9.
-4
Convert c0 (base 13) to base 7.
312
Convert -20 (base 3) to base 10.
-6
What is 22 (base 11) in base 13?
1b
21 (base 6) to base 11
12
What is -3 (base 5) in base 4?
-3
What is 0 (base 3) in base 2?
0
What is -58 (base 11) in base 12?
-53
What is -13 (base 4) in base 6?
-11
Convert 32 (base 10) to base 11.
2a
Convert 2 (base 4) to base 10.
2
Convert -3 (base 6) to base 10.
-3
-10110011 (base 2) to base 13
-10a
What is -136 (base 8) in base 12?
-7a
10 (base 12) to base 9
13
What is -3 (base 5) in base 9?
-3
What is -5 (base 6) in base 16?
-5
12 (base 14) to base 8
20
Convert 10 (base 2) to base 3.
2
What is 54 (base 13) in base 5?
234
Convert -1 (base 5) to base 2.
-1
What is -12 (base 10) in base 4?
-30
What is -105 (base 6) in base 12?
-35
What is 6 (base 9) in base 13?
6
-33 (base 6) to base 14
-17
What is -234 (base 6) in base 5?
-334
What is 1e (base 16) in base 2?
11110
What is 3 (base 8) in base 9?
3
0 (base 5) to base 16
0
Convert a1 (base 14) to base 13.
ab
Convert -1021 (base 4) to base 14.
-53
Convert -323 (base 7) to base 16.
-a4
What is -7 (base 10) in base 3?
-21
Convert 1 (base 13) to base 9